 -4*i + 2*i = 0. Suppose i = -t - t + 6. What are the prime factors of t?
3
Let a(x) = x**3 - 12*x**2 - 10*x - 5. What are the prime factors of a(13)?
2, 17
Let z = -6 - 7. Let w = 29 + z. List the prime factors of w.
2
What are the prime factors of 396/14*(-70)/(-15)?
2, 3, 11
List the prime factors of 30/6*2 + -1*1.
3
Let j(b) = b**2 + 10*b + 13. Let k be j(-9). List the prime factors of 23 - (k - (1 + 2)).
2, 11
Let i(n) = -6*n - 3. Let v be i(-4). Suppose -v = -3*y + 27. What are the prime factors of y?
2
Let z(u) = 55*u**2 - u + 1. Suppose -3*t + 2 = -t. Let a be z(t). Suppose a = -3*c + 8*c. List the prime factors of c.
11
Suppose 2*u + 3*l - 656 = 7*l, 4*u = -l + 1357. List the prime factors of u.
2, 13
Let p = -8 + 27. List the prime factors of p.
19
Suppose -5*j + 3*j = -3*p - 146, -4*j = -3*p - 286. Suppose -2*g + 25 = z, 4*g - 18 + j = 4*z. List the prime factors of z.
17
Let q(u) = u**3 + u**2 + 223. What are the prime factors of q(0)?
223
Let z be 2/(-4)*(-16)/(-1). Let n = 20 + z. Suppose -n = -v - v. What are the prime factors of v?
2, 3
Let y = 262 + -135. What are the prime factors of y?
127
Let n be 2/(-8) + 1/4. Suppose n = -0*y + 5*y - 185. Suppose -x + 30 = 3*p, 2*p + y = 4*p - 5*x. List the prime factors of p.
11
Suppose 0 = -x + 11 + 7. Suppose 2*r - x = 14. What are the prime factors of r?
2
Suppose 4 = 4*q, 3*v - 7*v + 4*q + 376 = 0. List the prime factors of v.
5, 19
Let s = -10 + 19. Suppose i - 8 = s. List the prime factors of i.
17
Let d = -56 + 98. List the prime factors of d.
2, 3, 7
Suppose -c - 2*z = 72, 0 = 5*c - 2*z + 3*z + 324. Let q = -28 - c. List the prime factors of q.
2, 3
Let o(i) = 2*i**3 + 3*i**2 - 5*i - 4. Let t be o(-3). List the prime factors of (t/(-5))/((-2)/(-10)).
2
Let h(s) = -s**3 - 3*s**2 - 5*s - 11. List the prime factors of h(-5).
2
Suppose -5*i + 10*i - 80 = 0. Suppose 5*w = -3*t + 20, -5*w + 4*w - 2 = 0. What are the prime factors of (i/t)/(4/10)?
2
Let s(z) = -z**2 - 9*z - 9. Let b be s(-8). Let p(k) = -50*k + 1. What are the prime factors of p(b)?
3, 17
List the prime factors of (-3 + 1)/4*-178.
89
Let b(x) = x**3 + 6*x**2 - 3*x - 9. Let j be 3/(9/57)*1. Suppose 2*d + j - 7 = 0. List the prime factors of b(d).
3
Suppose 0 = 4*m + 3*w - 30, 3*m + 4*w + w - 28 = 0. What are the prime factors of m?
2, 3
Let x be 6 + (1 - (4 - 0)). Suppose 0*k - x*k = -60. What are the prime factors of k?
2, 5
Let z = -8 - -11. Suppose 2*n + 9 = b + 24, z = -3*b. What are the prime factors of n?
7
Suppose 4*q = 4*h - 44, 3*h + 19 = 5*h - 5*q. List the prime factors of h.
2, 3
Let w(b) = -17*b - 4. What are the prime factors of w(-7)?
5, 23
Suppose -2*b + 4 = 0, 4*b = 2*z + z - 310. What are the prime factors of z?
2, 53
Suppose -89 - 371 = -5*o. What are the prime factors of o?
2, 23
Suppose -t = -6*t - 60. What are the prime factors of (t/7)/(8/(-84))?
2, 3
Suppose 0 = h - 3 - 2. Suppose -h*b + 110 - 35 = 0. What are the prime factors of b?
3, 5
Let k = -8 + 7. Let y(q) = q**2 + 1. Let a be y(-2). Let w = k + a. List the prime factors of w.
2
Let c be (-2 - (-4)/(-6))*3. List the prime factors of ((-10)/c)/((-7)/(-168)).
2, 3, 5
Let g(r) = -5 - r**3 + 4*r**3 - 4*r**2 - 2*r**3 - 2*r + r**2. What are the prime factors of g(4)?
3
Let s be -22 - (5 + 2 + -6). Let d = s - -33. List the prime factors of d.
2, 5
Let k be 0/(-1)*(-1)/(-1). Suppose 9 = -k*w + w. What are the prime factors of w?
3
Let j = 0 + 3. Let l = j - -14. What are the prime factors of l?
17
Let w(r) = -r**2 - 6*r + 5. Let p be w(-6). Suppose -p*t - 3 = -13. Suppose t*f - 5*f = -6. What are the prime factors of f?
2
Let l = 5 + 6. Let h = l - -17. Suppose -h = -5*s + 72. List the prime factors of s.
2, 5
Suppose -34 = 2*r + 30. Let d be ((-18)/(-2))/((-24)/r). Let s = d + -5. What are the prime factors of s?
7
Suppose 5*p + f = 25 + 23, 0 = 5*p - 2*f - 54. Let g = 1 + -2. Let c = p - g. List the prime factors of c.
11
Let u(h) = 166*h. Let g be u(-1). List the prime factors of g/(-10) + 8/20.
17
Let u(a) = -a - 2. Suppose 2*b - 2 = 0, -b = -2*o + b - 18. Let h = -13 - o. List the prime factors of u(h).
3
Let l = 5 - 2. Suppose c = -0*c - 2, l*c = b - 21. What are the prime factors of ((-10)/b)/((-4)/78)?
13
Suppose -5*b + 18 = -0*w - w, 0 = w + 3. Let k(d) = d + 12. Let z be k(0). Let s = z - b. What are the prime factors of s?
3
Let b be (-20)/(-8) + (-1)/2. Suppose 0 = b*l + l. Suppose l = -2*z - 0*z, -4*a + 28 = 2*z. What are the prime factors of a?
7
Suppose 0 = -3*w + 18 + 30. What are the prime factors of w?
2
Let l(d) = d**2 - 3*d - 2. Let v be l(6). Let g = v - 6. Suppose 2*a = g + 8. List the prime factors of a.
3
Suppose -8*r + 30 = -3*r. What are the prime factors of 92/8 + 3/r?
2, 3
Suppose -4*v - 8 = 16. What are the prime factors of (1/2)/((-1)/v)?
3
Suppose 0 = 3*b - 8*b + 30. List the prime factors of (13 - 0)/(6/b).
13
Suppose 5*z = -3*d - 2*d - 20, 8 = -2*d - 3*z. What are the prime factors of (5 + -2)/(d/(-44))?
3, 11
Let k be (0 - -1)*(7 + 8). Suppose 0 = -5*p - k, 0*p - p = -3*a + 9. List the prime factors of (-4)/a - -7 - -1.
2, 3
Suppose 2*j - 2 = -y, 5*j + 0 = -5*y + 5. What are the prime factors of (-2 + 0)*(j + -5)?
2
Let k(s) = s**2 - 4*s. Let j be k(5). Let p(i) = -3*i + 1. Let l be p(-3). Suppose 2*r = j*c - r - l, 3*r + 2 = c. What are the prime factors of c?
2
Suppose -23 = -2*r + 21. Let h = 33 - r. What are the prime factors of h?
11
Let o(z) = z + 5. Let m be o(0). Suppose 0 = -m*r - 0*r. Suppose r*v = -4*v + 76. List the prime factors of v.
19
Let a(x) be the third derivative of -x**4/24 + 5*x**3/2 + x**2. Let f be a(8). List the prime factors of 3 + -3 + (f - 0).
7
Let j be 2/(-5) - 78/5. Let c = 30 + j. List the prime factors of c.
2, 7
Suppose 6 = 5*x - 2*x. Suppose -8 + x = -2*w. Suppose 4*a = -2*p + 30, p - 2*a = w*p - 28. What are the prime factors of p?
13
Let b be 1 + 3/(-1) - -4. Suppose b*p - 84 = -p. List the prime factors of p.
2, 7
Let d(j) = -j - 9. Let i be d(-7). Let s be 1*0/(-1 + i). Suppose -2*t - 2*t + 12 = s. List the prime factors of t.
3
Let k be 2/(6/(-3)) - -6. Suppose i - k*m + 7 = -0*i, i + 3*m + 15 = 0. Let d = i + 25. What are the prime factors of d?
13
Let n = 3 + 1. Suppose -6*y - n = -2*y. What are the prime factors of -2 - (4*3)/y?
2, 5
Suppose 2*w + 3*w = 45. Let n be 0 + 2 + w/(-3). What are the prime factors of (-11*1)/(0 + n)?
11
Suppose 7*f + 75 = 4*i + 2*f, 24 = i + 4*f. What are the prime factors of i?
2, 5
Let g(j) = -j + 5*j - 2*j + j + 17. What are the prime factors of g(7)?
2, 19
Let h(v) = 5*v**2 - 11*v - 1. Let j(b) = 6*b**2 - 11*b - 2. Let z(g) = -5*h(g) + 4*j(g). List the prime factors of z(8).
3, 7
What are the prime factors of (-2)/2 + (135 - -2)/1?
2, 17
Let p = -12 - -20. Suppose 0*h - p = -4*h. List the prime factors of h.
2
Let c = 0 + 0. Suppose 0 = -o + j + 25, c = 4*o - 7*o + 2*j + 76. List the prime factors of o.
2, 13
Suppose -15 = -3*r + m, -3*r + 3*m - 2 + 11 = 0. List the prime factors of r.
2, 3
Suppose 0 = -g + 6*g - 85. Let o = -3 + g. List the prime factors of o.
2, 7
Suppose -f + 11 = -3*a, -4*f + 0*f = -4*a - 68. List the prime factors of f.
2, 5
Let z = 4 + -5. Let g(d) = 9*d**2. Let o be g(z). List the prime factors of 4/2*o/2.
3
Suppose 2*v - 3*v + 8 = -a, -2*v - 28 = 2*a. Let s = 4 - a. List the prime factors of s.
3, 5
Suppose 16 = 3*j + j - h, 0 = -4*j - 4*h - 4. List the prime factors of (2/(-3))/((-1)/j).
2
Suppose 4*b = 5*v - 16, 3*v + b - 16 = -3. Suppose -v*g - x + 12 = g, 2*g - 2*x = 0. What are the prime factors of 9 + (2 + -3 - g)?
2, 3
Let o = 227 - 130. List the prime factors of o.
97
Suppose 6*r - 9*r + 21 = 0. Suppose r = 5*c - 4*c. List the prime factors of c.
7
Suppose 0 = 4*o + 2*a - 42, 3*o + 4*a = -13 + 37. Suppose 0 = -4*s + s + o. List the prime factors of s.
2
What are the prime factors of (-6)/(-3 + (-12)/(-8))?
2
Suppose i + 2*i = 111. List the prime factors of i.
37
Suppose -1 = -3*s + 4*r + 9, -5*s + 4*r = -14. Let h be ((-3)/s)/(12/32). Let a = 23 + h. List the prime factors of a.
19
Let l(h) = h**3 - 5*h**2 - 6. Let w be l(6). Let c = -19 + w. List the prime factors of c.
11
Suppose 4*u = -5*n + 161, -3*n - 153 = -3*u - u. Let c = 72 - u. List the prime factors of c.
3, 11
What are the prime factors of (